 -44292 - -44409. Let x(r) = -2*r - 1. Let i be x(-2). Calculate the greatest common factor of y and i.
3
Let k(u) = -u**3 + 5*u**2 + 2*u + 4. Let j be k(5). Suppose 11*w + 20 - 53 = 0. Suppose 2*n = w*n - j. Calculate the highest common factor of n and 14.
14
Let u be ((-81)/18 - -3)*2 - -2159. Calculate the highest common factor of u and 1568.
196
Suppose -6*k = -3*k, -3*k + 3648 = 4*b. Suppose 0 = -6*z + 408 + b. Calculate the highest common factor of 20 and z.
20
Let u be 4/30*6 - 35733/(-215). Let g = 193 - u. What is the highest common factor of g and 65?
13
Let a(u) = -u - 5. Let q be 168/(-27) - (-4)/18. Let r be a(q). Let o be (-816)/153*-3 + -5*1. Calculate the greatest common divisor of r and o.
1
Suppose 8*k = 2*p + 7*k - 367, 2*p = 3*k + 369. What is the highest common divisor of p and 3?
3
Let t(i) = -3*i**2 - 35*i + 25. Let k(g) = -g**2 - 17*g + 11. Let w(z) = 9*k(z) - 4*t(z). Let b be w(5). What is the highest common divisor of 207 and b?
9
Let l(q) = -3*q**2 + 198*q - 2390. Let u be l(30). Calculate the greatest common factor of 3995 and u.
85
Let f(z) = -z**3 - 22*z**2 + 45*z - 64. Let n be f(-24). Suppose -o = n*o - 1575. What is the highest common factor of o and 7?
7
Suppose 5*x = 4*c + 145, 5*x = 6*c - 9*c + 110. Let y = -6 - -6. Suppose 5*k - x = 0, 2*u - 4*u - 4*k + 36 = y. What is the highest common factor of u and 20?
4
Let y be (-1)/(-4) - (-249)/12. Let m(z) = -14*z + 45. Suppose 4*l + 9 = 3*h, h = -l - 3*l + 3. Let r be m(h). What is the highest common factor of r and y?
3
Suppose 4*t - 37 - 23 = 0. Let f be 74/5 - (-15)/75. Calculate the greatest common factor of t and f.
15
Suppose -172*b = -42 - 179 - 123. Calculate the highest common factor of b and 2026.
2
Suppose 0 = -20*s - 12446 - 4634. Let p = s - -867. Calculate the greatest common factor of p and 1144.
13
Suppose x + h + 3*h = 140, -x = -3*h - 175. Suppose -655*t + 191 = 5*a - 658*t, -4*a + 145 = -5*t. Calculate the greatest common factor of a and x.
40
Let n be -24*13/39 - -606 - 1*6. Calculate the greatest common divisor of n and 74.
74
Suppose 69*g = -9*g + 99528. Calculate the greatest common divisor of 44 and g.
44
Suppose 3*t - 63 = -27. Let z(y) = 4*y**3 - 3*y**2 - 18*y - 12. Let a be z(6). Calculate the highest common divisor of t and a.
12
Suppose 3*h - 2*w + 166 = 0, -h - 46 - 13 = 3*w. Let b = 71 + h. Suppose g + 3*c - 100 = -c, 0 = 3*c - b. What is the highest common divisor of 32 and g?
16
Suppose -b + 5*q = -948, -4*q = b - 1032 + 138. What is the greatest common factor of b and 198?
18
Let j be (448/35)/(2/40). Calculate the highest common factor of j and 2.
2
Let u(j) = -3*j**2 - 1673*j - 9915. Let p be u(-6). Suppose 5*i - 685 = -2*h, -591 - 445 = -3*h + i. Calculate the greatest common factor of p and h.
15
Suppose 0 = -t + 6*t - 110. Let p be 136/t - (-10)/(-55). Suppose -p*g = -0*g - 108. What is the highest common divisor of 54 and g?
18
Let c = -9 - -13. Let f be c/((20/334)/5). Suppose 3*a = 179 + f. Calculate the highest common divisor of 19 and a.
19
Suppose -12*n - g = -7*n + 1482, -1178 = 4*n - 3*g. Let c be n/10*25/(-2). Calculate the greatest common factor of 40 and c.
10
Let q be 3/(-6) + (-393)/(-6). Suppose 1028 = 4*w + 1892*h - 1896*h, h - 3 = 0. Calculate the greatest common factor of w and q.
65
Let d = -1173 + 1269. Suppose 4*f + 2*b + 2*b - 28 = 0, 4*f = -2*b + 38. What is the highest common factor of f and d?
12
Suppose 0 = -0*f + 3*f + 4*u - 22, -3*u = -3*f - 6. Suppose 2*z - 13 = -f*m + m, 4*m + 29 = z. Calculate the greatest common factor of 33 and z.
3
Suppose 381*d = -173*d + 7756. Suppose 591 = 4*s - 5*l, -4*s - 4*l + 3*l = -621. Calculate the highest common factor of s and d.
14
Let x = -100 - -121. Let i(j) = 62*j - 12. Let m be i(6). Suppose 5*q + m = 885. Calculate the greatest common divisor of x and q.
21
Let s be 3/(-18)*4*-51. Let n be (51/s)/((-1)/((-4)/1)). Let t be 12 + (-1)/((n - 3)/(-12)). Calculate the greatest common factor of 4 and t.
4
Suppose 73*r = 56*r + 206*r - 1037043. What is the greatest common factor of 155 and r?
31
Let r = 38 + -1. Suppose -4*f = -5*w - 50, 3*f = w + 3*w + r. Suppose -f*s - 232 = -23*s. What is the greatest common divisor of s and 145?
29
Let k = 16 - -12. Suppose -2*c + 1204 + 42 = -266. What is the highest common divisor of k and c?
28
Let f(a) = 282*a - 1091. Let k be f(4). What is the highest common factor of 9 and k?
1
Let v(l) = -2*l**2 + 49*l - 158. Let z(q) = -q**2 + 24*q - 80. Let a(u) = 2*v(u) - 5*z(u). Let j be a(19). What is the greatest common factor of 27 and j?
27
Suppose -3*o - 3*o = -1038. Let l = o + -124. Let z = l - 31. What is the highest common divisor of 162 and z?
18
Let o(m) = m**2 + 84*m + 1032. Let s be o(0). What is the highest common factor of 36 and s?
12
Let k(d) = d**2 - 19*d - 64. Suppose 63 - 55 = -2*u. Let i be k(u). What is the greatest common factor of 126 and i?
14
Let r be 15 + -1 + (0 - 2). Suppose -13*j - 2 = -41. Suppose -3*l + 228 = -2*b - 342, -5*l + j*b = -951. Calculate the highest common factor of r and l.
12
Let z(l) = 4*l**2 - 41*l + 153. Let u be z(23). What is the highest common factor of u and 78?
78
Let d(s) = -7*s - 264. Let y be d(-43). What is the highest common factor of 1517 and y?
37
Let z = 20 + -16. Let p be -5 - (-3 + z)*-4 - -148. Calculate the greatest common factor of 245 and p.
49
Let u be 0 - ((-4)/12 + -2*(-2229)/(-18)). What is the highest common divisor of u and 155?
31
Let n(x) = 3*x**3 - 22*x**2 + 23*x - 44. Let c be n(9). What is the greatest common factor of c and 32?
8
Let l be 161 - ((-16)/5 - 9/(-45)). Let t = l - -86. Calculate the greatest common factor of 100 and t.
50
Suppose -6 = -3*v + 2*v. Let x be 15/(-45) + 7/3. Suppose 11 = 5*o + x*l, 0*o - l + 7 = 3*o. What is the highest common factor of v and o?
3
Let f = -12 - -87. Let c = -57 + f. Calculate the greatest common factor of 324 and c.
18
Let r = 3 - 1. Let j be ((-322)/115)/((-2)/(-300)). Let f = j + 423. Calculate the greatest common factor of r and f.
1
Let s(t) = 4*t**2 + 18*t - 56. Let x be s(-15). Let l(q) = -q + 82. Let i be l(0). Calculate the greatest common factor of x and i.
82
Let v = 5096 - 5092. What is the greatest common factor of v and 128?
4
Let l be 25 - -2 - (-3 + 4 + -1). Suppose -24 = -2*r + 10*i - 11*i, 3*i = 3*r - l. Let p = -10 + 21. Calculate the highest common divisor of p and r.
11
Let r = 343 - 315. Calculate the greatest common factor of r and 68.
4
Let f(r) = 3*r + 38. Let d be f(-11). Let a(j) = -j**3 + 7*j**2 - 7*j - 11. Let u be a(d). Suppose -i - u = -9. What is the highest common factor of i and 40?
5
Suppose -2*g + 105 = -5*n, -21*n = -18*n + g + 63. Suppose -35 + 145 = 5*b. Let m = n + b. What is the greatest common divisor of 7 and m?
1
Let k = 6 - 51. Let x be 72/180 - (-554)/(-10). Let u = k - x. Calculate the greatest common divisor of 30 and u.
10
Suppose -4*z + 1498 = 2*b - 334, -4*b - 4*z = -3672. What is the highest common divisor of b and 575?
115
Let w = 49 + -15. Let h be (154/2)/11 + 163. Calculate the greatest common divisor of h and w.
34
Suppose -34*s + 509 = 4*s + 53. What is the highest common divisor of 171 and s?
3
Suppose -4*x + 1445 = 7*b - 2*b, -1 = -b. Let r = 44 - -716. Suppose -3*y - r = -22*y. What is the highest common factor of x and y?
40
Let s = 41 - -44. Let y(z) = 55*z**3 - 6*z**2 - 3*z. Let n be y(-1). Let m = s + n. Calculate the greatest common divisor of 18 and m.
9
Let r(p) = -64*p**3 - p. Let q be r(-1). Suppose 0*z + 3*z = -2*g - 947, -2*z + 922 = -2*g. Let s = -453 - g. What is the highest common factor of s and q?
13
Suppose 3*p + 2*p - 270 = 0. Let r be (-117)/(-36)*(-2)/(-13) + (-2872)/(-16). Calculate the highest common divisor of p and r.
18
Let i be 30/8 + (-3)/(-12). Suppose -4*f - i*o + 71 = -5*o, 3*o = 15. Let n = -11 + f. Calculate the greatest common factor of n and 64.
8
Let a be 120040/180 + ((-32)/36 - -1). Calculate the highest common factor of a and 69.
23
Let j be 88/(-572) + (-1449)/(-39). Calculate the greatest common factor of j and 3589.
37
Let h be (-2 + (-12)/(-5))/((-3)/15). Let f = h + 7. What is the highest common factor of 40 and f?
5
Let b = -20268 + 22853. What is the highest common divisor of b and 385?
55
Let k(t) = -16*